 -7*b**2 - b. Let x be s(-1). Let r = x + 8. Suppose 5*l + 11 = o + 3*o, r*l = 4*o - 2. Determine a(o).
-5
Suppose -5*d - 15 = -0*d - 4*r, -d - 3 = -3*r. Let n be (5 - 1)/(1 + 1). Let a(g) = -1 - g**2 - 3 - g - n*g. What is a(d)?
-4
Let m(p) be the third derivative of -p**6/360 - p**5/30 + p**4/8 - 4*p**3/3 + 2*p**2. Let q(d) be the first derivative of m(d). Calculate q(-3).
6
Let l(s) = -s - 5. Let w be 14/(-35) + 4/10. Determine l(w).
-5
Let k(g) = g**3 + 6*g**2 + 5*g + 2. Let z(s) = s**2 - 6*s - 6. Let y be z(6). Let l(r) = -r**2 - 3*r + 8. Let o be l(y). Let q = 5 + o. What is k(q)?
2
Let n(a) = a**2 + 11*a + 13. Let h be n(-10). Suppose -2*p - 20 = l - h*l, -2*l - 3*p = 5. Let f(i) = i**3 - 4*i**2 - 4*i - 6. Give f(l).
-1
Let t(u) = -11*u - 1. Let o be (2 + -5)*1/3. Give t(o).
10
Let h(k) = 8*k + 2. Suppose 13*n - 10 = 8*n. What is h(n)?
18
Let f(j) be the first derivative of j**2/2 + 5*j - 10. Let z(q) = -q**3 + 5*q**2 - q. Let l be z(5). What is f(l)?
0
Let u(q) = q**2 - 4*q - 4. Suppose -6*l + 56 = 8*l. Calculate u(l).
-4
Let i = -27 + 27. Let a(u) = -u**3 - u**2 + 3. Give a(i).
3
Let u(i) = i**3 + 6*i**2 - 6*i + 7. Let f be -6 + (-7)/(-21) + (-8)/6. Give u(f).
0
Let j(k) = -k + 3. Let a(h) be the first derivative of h**2 - 13*h + 3. Let r be a(9). Calculate j(r).
-2
Let l(u) = -5*u**3 + 21*u**2 + 15*u + 24. Let d(n) = -2*n**3 + 7*n**2 + 5*n + 8. Let p(a) = -8*d(a) + 3*l(a). Calculate p(-6).
14
Let w(n) be the third derivative of -n**7/2520 + n**6/120 + n**4/8 + 9*n**2. Let g(a) be the second derivative of w(a). Calculate g(4).
8
Let c(f) = -f**2 + 7*f - 3. Let m(j) = j**2 + 10*j - 3. Let q be m(-10). Let k = 1 - q. Let h be (k/(-2))/((-4)/6). Give c(h).
9
Let w(f) be the second derivative of f**4/12 + 7*f**3/6 + 2*f**2 - 16*f. Calculate w(-5).
-6
Let n(p) be the first derivative of 2 + 1 - p**2 - 3 + 1. Calculate n(-3).
6
Suppose -7*o = -3*o - 16. Suppose w + o*w = -j + 8, -5*w + 4*j = 7. Let m(l) = l**2 + l**2 + w + 2*l - 8*l. Give m(4).
9
Let b(q) be the first derivative of -3 + 0*q**2 - q**3 + 1/4*q**4 + 4*q. Calculate b(3).
4
Let y(a) be the third derivative of 0*a**4 - 1/30*a**5 + 0*a**3 - 2*a**2 + 0 + 0*a. Let u(n) = n**2 - 9*n - 9. Let z be u(10). What is y(z)?
-2
Let j(t) be the first derivative of 3*t**2/2 + 6*t + 16. Determine j(-7).
-15
Let o(f) = f. Let q be 0*(2 + (-5 - -2)). What is o(q)?
0
Let f(b) = -b**2 + 4*b + 7. Let p be 30/2*(-22)/(-6). Let d = p - 20. Suppose -2*v + 21 = 5*m - 12, 3*m + 5*v - d = 0. Determine f(m).
2
Let w(b) = -12*b**2 - 1. Suppose 3*q - 6*q = -6. Suppose -q*s - g + 2 = 0, -2*s + 2 + 0 = 2*g. Determine w(s).
-13
Let z(w) = -4*w**3. Suppose -5*g + 4*h + 0*h = -41, 2*h = 5*g - 33. Let k = -2 + 4. Suppose 4*t + k*s = 10, s + s - g = t. Determine z(t).
-4
Let a(q) = -4*q + 1. Let g(l) = l**3 - 7*l**2 - 7*l - 5. Let z be g(8). Let u be (-4)/z*3/(-2). Give a(u).
-7
Let t(b) be the third derivative of -1/30*b**5 + 1/40*b**6 + 0*b**4 + 0*b + 1/6*b**3 + 3*b**2 + 0. Give t(1).
2
Suppose -2*l + i = 194, i + 400 = -4*l - 0*l. Let u be 8/6*l/(-6). Let y be u/(-18) + 4/18. Let r(o) = -3*o - 1. What is r(y)?
2
Let m(r) be the third derivative of 0 - 1/60*r**5 - 7/24*r**4 + 0*r - 3*r**2 + r**3. Give m(-8).
-2
Let v(z) be the second derivative of z**7/2520 + z**6/240 - z**5/60 + z**4/3 + z. Let y(s) be the third derivative of v(s). Give y(-3).
-2
Suppose 2*c + 12 = 5*c. Let u(p) = -p + 4. What is u(c)?
0
Let p be 1*3 - (2 - 3). Let r(q) = -q**3 + 3*q**2 + 4*q - 1. Let u be r(p). Let m(k) be the second derivative of -5*k**4/12 - k**3/6 - 6*k. Determine m(u).
-4
Let c = -1 - -1. Let z be ((-6)/4 - -1)*-2. Suppose c = -y - 0 - z. Let d(b) = -3*b. Give d(y).
3
Suppose t = -3*a + 8 + 6, -3*t + 17 = 4*a. Let f(y) = -21*y + 1. What is f(t)?
22
Let u(z) = 2*z - 37. Let d(a) = a - 18. Let l(p) = -7*d(p) + 3*u(p). Give l(7).
8
Let j(k) = k - 4. Suppose 0*a - a = -3. Suppose 0 = -2*z - z - a*m + 21, 2 = 2*z - 2*m. Give j(z).
0
Let i(y) be the second derivative of -y**4/12 + 2*y**3/3 + y**2/2 - 19*y. Give i(3).
4
Let s(a) = -a**2 - a. Let y(u) = 3*u**2 - 7*u + 4. Let x(b) = -2*s(b) - y(b). Calculate x(6).
14
Suppose -4*l = -u - u + 10, 0 = -4*l + 4*u. Let s(p) = p**2 + 4*p - 3. What is s(l)?
2
Let v(q) = -4 + q + 4 - 4 + 2. Suppose -3*b - b + 5*m = -13, 14 = 5*b - 4*m. Suppose 5*k = -2*i - 33, k - b*k = -5*i - 15. Give v(k).
-7
Let v(y) = 2*y - 2. Let p(o) = -3*o + 5. Let a(f) = 3*p(f) + 5*v(f). Determine a(-6).
-1
Let t(f) = -3*f + f - f. Suppose -5*h = -p - 2, h + 0*h - 2*p + 5 = 0. Let b = 1 + h. What is t(b)?
-6
Let k(u) = 11*u**3 + 15*u**2 + 6*u + 3. Let w(s) = 7*s**3 + 10*s**2 + 4*s + 2. Let p(n) = 5*k(n) - 8*w(n). Determine p(-4).
-9
Let f(y) = -100*y**2 - 4*y + 2*y**3 - 3*y**3 - 4 + 51*y**2 + 44*y**2. Let m be (-26)/7 + 2/(-7). What is f(m)?
-4
Let j(l) = -l**2 - l + 2. Let k(s) = -s + 1. Let h be k(1). Calculate j(h).
2
Let l(i) = -2*i**2 + 4*i - 5. Let r(p) = p**2 - 2*p + 2. Let h(y) = -2*l(y) - 5*r(y). Let w = -5 - -8. Let a = w + -2. Calculate h(a).
1
Let l = -23 - -25. Suppose 3*o + 8 - l = 0. Let h(c) be the second derivative of c**4/12 - c**3/6 - c**2 + c. Calculate h(o).
4
Let s(h) = -2*h**3 + 3*h**2 + h - 2. Let v(j) = -j**3 - 7*j**2 + 9*j + 9. Let g be v(-8). Let q be (g - 3/2)*-4. Give s(q).
-4
Let h(i) = -i**3 - 7*i**2 - 7*i + 1. Let s(r) = -r - 21. Let u be s(-15). Determine h(u).
7
Let c be (-4)/6 + (-187)/(-33). Let t(p) = p**2 - 4*p - 7. Determine t(c).
-2
Let o(y) = 10*y - 11*y + y**2 + 0*y**2 + 15. What is o(0)?
15
Let y(d) = -d**2 - 14*d - 11. Suppose l - 2*k + 7 = 0, 63 - 5 = -4*l - 2*k. Let v be y(l). Let g(c) = -c**2 + 3*c + 1. What is g(v)?
3
Let v(u) = -9*u - 13. Let g(x) = -x - 1. Let h(p) = -6*g(p) + v(p). What is h(-5)?
8
Let w(s) = s - 1. Let h(v) = 2*v - 9. Let f(i) = -h(i) + w(i). What is f(5)?
3
Let c(p) = 3 - 2 + 3*p**2 - 2*p**2 - 2*p + 3*p**3 + 0*p**2. Determine c(1).
3
Let o(n) = -n**2 - n - 1. Let t(x) = x**3 - x**2 - x - 3. Let s(q) = q**2 - 5*q - 1. Let f be s(5). Let u(v) = f*t(v) - 3*o(v). What is u(5)?
1
Let o(k) = 2*k - 2. Let p(l) = 10*l - 10. Let g(j) = -28*o(j) + 6*p(j). What is g(3)?
8
Let l be (-2)/6 - 10/(-12). Let w(t) be the first derivative of 1 + 0*t - 7/3*t**3 + l*t**2. Give w(1).
-6
Let f(t) be the third derivative of t**6/120 - t**5/15 - t**4/24 - 2*t**3/3 - 5*t**2. Calculate f(4).
-8
Suppose -5*b + 0*i = i - 16, b - 16 = 3*i. Let o(t) = t - 1 - 2*t**3 + 4*t + t**3 + b*t**2. Calculate o(5).
-1
Let l = -34 - -40. Let p(o) = o**2 - 8*o + 4. Give p(l).
-8
Let r(s) = -8*s**2 - 2*s + 1. Let w be 1/(((-3)/(-9))/(3/9)). Give r(w).
-9
Let v(g) = g**3 + g**2 - 1. Let x be v(0). Let h = 1 + x. Let w(t) = -1 + 6*t - 3*t + h*t. Calculate w(-2).
-7
Let f(n) = n**3 + 3*n**2 - 8*n + 2. Let j(h) = h. Let b(u) = -f(u) - 6*j(u). Give b(-4).
6
Let k(v) = v**2 + 2*v - 7. Let w be k(-4). Let m be -1*((1 - 1) + -1). Let s = m - w. Let r(z) = -z + 7. What is r(s)?
7
Let n(u) = u**2 + 6*u + 4. Suppose 0 = 5*a - 8*a + 3*f + 6, -3*f = -a - 6. Suppose 0 = -a*h + h + 15. Let r be -4 + (h - 4)/1. Determine n(r).
-1
Let u(t) = t**2 + 6*t - 1. Let q(h) = -9*h - 8. Let z be q(-10). Suppose z = 4*b - s - s, -5*s = 4*b - 89. Suppose b = -4*r + 1. Calculate u(r).
-6
Let n(r) = -8*r. Let g(h) = 3*h. Let w(d) = 11*g(d) + 4*n(d). What is w(6)?
6
Let v be 24/(-144)*(-7 - -1). Let q(r) = -22*r**2 - r + 1. What is q(v)?
-22
Let q(s) be the second derivative of -2*s + 0 - 7/6*s**3 - 1/2*s**2. Determine q(1).
-8
Let o(l) = -l**2 - 5. Let k = -2 + 2. Give o(k).
-5
Let t(s) = s - 3. Let p be t(-3). Let o(k) = k**2 + 3*k - 8. Give o(p).
10
Suppose -5 = -g, 4*g - 25 = -5*v - 0*g. Suppose 0 = -4*u + 20, 5*u - 20 - 10 = -s. Let d(q) = -3*q**2 - s*q**2 + 2*q**2 + 2*q**2. Give d(v).
-4
Let u(i) = -2*i**3 - 4*i + 7. Let y(d) = 3*d**3 + 5*d - 8. Let t(b) = -4*u(b) - 3*y(b). What is t(0)?
-4
Let j = 2 + -4. Let c be -1 - ((-4)/j - 2). Let x(i) = -i**3 + i**2 - 1. Determine x(c).
1
Let b(t) = t - 2. Let q(k) = -k**3 - 8*k**2 - 6*k + 10. Let o be q(-7). Suppose -o*s = -5*w - 29, -5*s - 5*w - 3 = 2. What is b(s)?
1
Let m be 1 + (0 - (0 - 2)). Let d(p) be the first derivative of 2/3*p**3 - 1 + 0*p - 2*p**2. Give d(m).
6
Let q be (4/(-6))/((-5)/15). Suppose 0*x = -q*x + 10. Let c(z) = -5 - 1 + 2 + 2*z + 0*z. Give c(